n thousands digit of 82553041?
5
What is the hundred millions digit of 172242414?
1
What is the hundreds digit of 288805103?
1
What is the thousands digit of 8194738882?
8
What is the millions digit of 1023743630?
3
What is the millions digit of 53330477?
3
What is the hundreds digit of 56579947?
9
What is the hundreds digit of 160561844?
8
What is the ten millions digit of 3286463264?
8
What is the hundreds digit of 17571780?
7
What is the tens digit of 703811557?
5
What is the units digit of 269679132?
2
What is the millions digit of 15552568?
5
What is the ten thousands digit of 962635290?
3
What is the thousands digit of 4117855342?
5
What is the ten millions digit of 65129981?
6
What is the ten thousands digit of 252321287?
2
What is the tens digit of 196017249?
4
What is the ten thousands digit of 71555819?
5
What is the tens digit of 163833343?
4
What is the units digit of 824087185?
5
What is the hundred thousands digit of 4848982247?
9
What is the ten millions digit of 60985888?
6
What is the hundred thousands digit of 455234653?
2
What is the tens digit of 10244510?
1
What is the hundreds digit of 470606735?
7
What is the millions digit of 9280278?
9
What is the hundred thousands digit of 15096139?
0
What is the tens digit of 131151421?
2
What is the millions digit of 475006118?
5
What is the ten thousands digit of 6061561?
6
What is the ten thousands digit of 5624398?
2
What is the hundred thousands digit of 337276309?
2
What is the hundred thousands digit of 416235794?
2
What is the units digit of 27411834?
4
What is the millions digit of 38743201?
8
What is the ten thousands digit of 2432588672?
8
What is the ten millions digit of 2768065987?
6
What is the hundreds digit of 1098747958?
9
What is the hundred millions digit of 983810181?
9
What is the millions digit of 175738394?
5
What is the millions digit of 5317529136?
7
What is the units digit of 7536339?
9
What is the hundred millions digit of 1307564962?
3
What is the hundred thousands digit of 196910413?
9
What is the millions digit of 297973198?
7
What is the tens digit of 182601927?
2
What is the tens digit of 15655670?
7
What is the hundred thousands digit of 267965724?
9
What is the millions digit of 2204535066?
4
What is the tens digit of 20989017?
1
What is the hundreds digit of 3795349280?
2
What is the units digit of 2814040?
0
What is the ten millions digit of 146210098?
4
What is the hundred thousands digit of 115859911?
8
What is the tens digit of 324254822?
2
What is the thousands digit of 120988919?
8
What is the hundreds digit of 922911514?
5
What is the ten millions digit of 922175451?
2
What is the tens digit of 53671032?
3
What is the hundred thousands digit of 104342278?
3
What is the ten thousands digit of 1337990561?
9
What is the hundred millions digit of 1009597790?
0
What is the hundreds digit of 4023254573?
5
What is the ten thousands digit of 112811408?
1
What is the thousands digit of 141911947?
1
What is the thousands digit of 1084946324?
6
What is the ten thousands digit of 80329480?
2
What is the hundred thousands digit of 925928311?
9
What is the millions digit of 125854462?
5
What is the tens digit of 942918580?
8
What is the tens digit of 51556602?
0
What is the tens digit of 44815352?
5
What is the hundreds digit of 49257453?
4
What is the billions digit of 3888526951?
3
What is the tens digit of 337710903?
0
What is the ten millions digit of 2689157940?
8
What is the hundreds digit of 54387713?
7
What is the ten thousands digit of 267068115?
6
What is the units digit of 843608647?
7
What is the hundreds digit of 897987393?
3
What is the hundred thousands digit of 735626034?
6
What is the ten thousands digit of 38136200?
3
What is the tens digit of 37615497?
9
What is the thousands digit of 2041225649?
5
What is the hundred thousands digit of 5067688974?
6
What is the ten millions digit of 478111855?
7
What is the thousands digit of 33163381?
3
What is the thousands digit of 66072517?
2
What is the hundreds digit of 428056850?
8
What is the hundred thousands digit of 788571301?
5
What is the thousands digit of 1057646892?
6
What is the millions digit of 54422946?
4
What is the units digit of 169336337?
7
What is the units digit of 427669642?
2
What is the ten thousands digit of 37459266?
5
What is the thousands digit of 89499323?
9
What is the ten millions digit of 244426363?
4
What is the millions digit of 1103670350?
3
What is the ten millions digit of 15220558?
1
What is the ten millions digit of 3485461894?
8
What is the ten thousands digit of 94158185?
5
What is the hundreds digit of 291339035?
0
What is the tens digit of 1931041?
4
What is the units digit of 11387169?
9
What is the hundred thousands digit of 4164889291?
8
What is the thousands digit of 2899757093?
7
What is the ten thousands digit of 233685688?
8
What is the units digit of 494240434?
4
What is the units digit of 2772035311?
1
What is the units digit of 333310193?
3
What is the hundred thousands digit of 3429054?
4
What is the millions digit of 67249408?
7
What is the millions digit of 70505020?
0
What is the ten thousands digit of 29663378?
6
What is the tens digit of 19750256?
5
What is the hundred thousands digit of 4219175380?
1
What is the millions digit of 1157826135?
7
What is the hundreds digit of 235028306?
3
What is the tens digit of 8588111?
1
What is the hundred millions digit of 120466640?
1
What is the hundreds digit of 1131543006?
0
What is the units digit of 156988840?
0
What is the thousands digit of 113655309?
5
What is the units digit of 2113796259?
9
What is the thousands digit of 124131745?
1
What is the hundred thousands digit of 11381392?
3
What is the tens digit of 300448768?
6
What is the ten millions digit of 214148632?
1
What is the ten thousands digit of 523877962?
7
What is the hundreds digit of 1466950133?
1
What is the units digit of 981822600?
0
What is the hundred thousands digit of 508929078?
9
What is the ten thousands digit of 60392438?
9
What is the hundred millions digit of 998254192?
9
What is the tens digit of 217673976?
7
What is the thousands digit of 1525461681?
1
What is the millions digit of 240775895?
0
What is the ten millions digit of 653829555?
5
What is the hundred thousands digit of 4748588?
7
What is the billions digit of 2944572838?
2
What is the millions digit of 429919445?
9
What is the hundred thousands digit of 55626581?
6
What is the units digit of 1918336744?
4
What is the hundred thousands digit of 81075108?
0
What is the ten thousands digit of 313788838?
8
What is the millions digit of 3649840111?
9
What is the millions digit of 65125516?
5
What is the tens digit of 1406210579?
7
What is the ten millions digit of 460036793?
6
What is the millions digit of 7487166531?
7
What is the tens digit of 4346704?
0
What is the tens digit of 370690148?
4
What is the ten thousands digit of 191251044?
5
What is the hundreds digit of 72397543?
5
What is the tens digit of 121497482?
8
What is the hundreds digit of 90747459?
4
What is the hundred thousands digit of 421630212?
6
What is the tens digit of 4887710060?
6
What is the tens digit of 264092439?
3
What is the ten thousands digit of 17732429?
3
What is the units digit of 147608818?
8
What is the units digit of 4559140?
0
What is the ten millions digit of 37381964?
3
What is the units digit of 30129420?
0
What is the thousands digit of 185177250?
7
What is the ten millions digit of 7593272153?
9
What is the thousands digit of 270334898?
4
What is the ten millions digit of 52881891?
5
What is the millions digit of 4160767416?
0
What is the billions digit of 4356117338?
4
What is the thousands digit of 1583969561?
9
What is the hundred thousands digit of 158969602?
9
What is the millions digit of 3990444883?
0
What is the hundred thousands digit of 272014576?
0
What is the thousands digit of 114514918?
4
What is the units digit of 207859240?
0
What is the millions digit of 80942819?
0
What is the ten thousands digit of 214281297?
8
What is the units digit of 704031779?
9
What is the billions digit of 1223746147?
1
What is the ten millions digit of 124835371?
2
What is the units digit of 568193177?
7
What is the hundred thousands digit of 3848169273?
1
What is the hund